/z - 21/(-7))*-1 is divided by 18?
17
Let z be 9 - -2*(300 - 6). Let h = -502 + z. Calculate the remainder when h is divided by 20.
15
Let t = 22369 + -22201. What is the remainder when t is divided by 119?
49
Let p be (20/(-8) - -1)*-30. Let c be (-10)/p + 43/(-9). Let y(f) = -f**3 - f**2 + 4*f - 4. Calculate the remainder when y(c) is divided by 26.
24
Suppose z + 762 = 4*j - 4*z, 3*j = -3*z + 612. Calculate the remainder when j is divided by 44.
22
Let q = -78 - -13. Let y = -57 - q. Let u = -9 + 40. Calculate the remainder when u is divided by y.
7
Let m be (33/3 - -1)/(5 + -3). What is the remainder when 19 is divided by -3*(-1 - (-4)/m) - -10?
8
Let j(z) = 4*z + 36. Let t = -8382 - -5134. What is the remainder when ((-2)/7)/(16/t) is divided by j(-6)?
10
Let w(j) = -4*j**2 - 8*j + 8. Let v be w(4). Let n = v + 169. Calculate the remainder when n is divided by 35.
11
Suppose h - 17 = -3*c, 0*c = 2*h + 3*c - 28. Let j = -240 + 441. Let q = -197 + j. Calculate the remainder when h is divided by q.
3
Suppose -55*j + 57*j = 7*c + 563, -2*c + 832 = 3*j. What is the remainder when 1410 is divided by j?
20
Suppose -2*o = 5*y - 29, -5*o + 0*y = y - 15. What is the remainder when 28*11/220*10 is divided by (1/(-2))/(o/(-36))?
5
Let d = -23674 + 23717. What is the remainder when 20551 is divided by d?
40
Suppose 2*b - 8 = 0, 5*q + 64 = q + 4*b. Calculate the remainder when 42 is divided by (26/q)/((-41)/492).
16
Let w(q) = q**2 - 8*q + 7. Suppose 4*y + 28 = 8*y. Let f be w(y). Suppose -3*v - b + 15 = f, b + 3*b - 32 = -5*v. What is the remainder when 19 is divided by v?
3
Let b = 4864 - 4713. Calculate the remainder when b is divided by 73.
5
Let n(t) = 16*t + 150. Let w be n(-9). What is the remainder when 494 is divided by 3 + 204/18*w?
68
Let q = -351 + 510. Let k = q - 7. Calculate the remainder when k is divided by 82.
70
Let c = -44 - -50. Let k(y) = y**3 - 4*y**2 - 10*y + 40. Suppose 3*v = 2*v + 18. Calculate the remainder when k(c) is divided by v.
16
Let s be ((-8)/(-10))/2 + 14230/50. Suppose -3*v - 4*o = -7*o - s, -378 = -4*v + 5*o. Let x = 11 + 9. What is the remainder when v is divided by x?
17
Let z = -4332 + 7939. Calculate the remainder when z is divided by 82.
81
Let q = 359 - 197. Suppose -8*k - 46 = q. What is the remainder when 34 is divided by (k/(-10))/(63/15 - 4)?
8
Let j(k) = -k**3 + 10*k**2 + 43*k - 334. Let n(d) = d**2 - d + 10. Calculate the remainder when n(9) is divided by j(11).
10
Let i be -5 + -3*1/3. Let b(t) = -3 - 4 + 2*t - 5 - 6*t. What is the remainder when 22 is divided by b(i)?
10
Let u = 2041 - 1982. Calculate the remainder when u is divided by 45.
14
Suppose 18*f - 1005 = 3*f. Suppose 26 + 30 = x. Suppose -x*p = -53*p - 51. Calculate the remainder when f is divided by p.
16
Let f be 1240/25 + -4*(-3)/30. Let i = -33 + f. Let j(w) = 6*w**2 + 2*w + 1. What is the remainder when j(-3) is divided by i?
15
Let u(x) = -x - 1. Let m be 3*(32/12)/(-4) + 5. Let z(o) = 36*o + 9. Let v(s) = m*u(s) + z(s). Calculate the remainder when v(1) is divided by 10.
9
Suppose 3330*z = 3337*z - 3605. What is the remainder when z is divided by 141?
92
Suppose -c = 2*u - 421, -3*c + 136 = 2*u - 279. Calculate the remainder when u is divided by 72.
68
Let a(p) = -5*p**2 + 647*p + 571. What is the remainder when 305 is divided by a(130)?
124
Suppose 43*g - 368949 = 200586. Calculate the remainder when g is divided by 16.
13
Let m(y) = -11*y + y**2 + 5 + y**2 + 3*y. Suppose -7*o + 4*o - 28 = -4*v, -2*o + 4 = 3*v. Calculate the remainder when 6 is divided by m(v).
1
Let r = 10202 + -10178. Calculate the remainder when 73 is divided by r.
1
Let h(g) = -3*g + 4*g + 41 + 5*g + 2*g**2 - 4*g - 3*g. Calculate the remainder when h(0) is divided by 17.
7
Let u be ((-3)/(-4))/(17/(-3672)). Let k = u - -277. Suppose -2*i + 230 = 2*f, -f + 5*i = -0*i - k. Calculate the remainder when f is divided by 59.
56
Let r be 21/(-4)*11*4/(-1). Suppose -3*m = -p - 48 - 11, 5*p = -m - r. Calculate the remainder when (15 - p)/(1 + 1) is divided by 8.
7
Suppose -3*w = -0*w - 6. Suppose 22 = w*s + 4*t, -4*t - 28 = -2*s + 2. Let c = 48 - 26. Calculate the remainder when c is divided by s.
9
Let j be 53/((-240)/(-40) - 5*1). What is the remainder when 971 is divided by j + -5 + -4 + -8?
35
Suppose 0 = -z - 5*b + 81, -4*b + 112 = 3*z - 98. What is the remainder when 221 is divided by z?
23
Let c(i) = -i**3 + 16*i**2 + 9*i + 30. Let q be c(16). What is the remainder when 376 is divided by (9/(81/12))/(8/q)?
28
Let j(g) = -8*g + 466. Calculate the remainder when j(28) is divided by 5.
2
Let d(p) = 10 + 11 - 4 + 15*p - 10*p. Let l(w) = -w**3 + 5*w**2 + 7*w + 4. Let r be l(6). Calculate the remainder when d(r) is divided by 17.
16
Suppose -224*q + 1244 + 772 = 0. Calculate the remainder when 602 is divided by q.
8
Let t(q) = -873*q + 5298. Calculate the remainder when t(6) is divided by (-1)/(1/(-2 - 11)).
8
Let z(b) = 3*b**2 + 6*b - 1. Let p = -3044 + 3262. What is the remainder when p is divided by z(-5)?
42
Let g be (-4340)/182 + (-2)/13. Let r be (-156)/11 + g/(-132). Let n = 26 + r. What is the remainder when n is divided by 3?
0
Let y be (((-9)/2)/3)/((-3)/8). Suppose 0 = -y*v - 2*f - 20, 18 = -2*v - 4*f - 4. Calculate the remainder when v - (6/9 - (-65)/(-3)) is divided by 4.
2
Suppose 451*p - j = 449*p + 262, 2*p + 5*j - 286 = 0. Calculate the remainder when 2524 is divided by p.
130
Let k = 32 - 50. Let d(f) = -2*f**2 - 36*f + 36. Let i be d(k). Let g = 82 - i. What is the remainder when 182 is divided by g?
44
Let m(h) = 4*h**2 + 1 + h**3 + 4 - 3*h**2. Let i(g) = -g**3 + 44*g**2 - 39*g - 1878. What is the remainder when i(42) is divided by m(0)?
2
Suppose 3*u - 4*u = -5*x + 50, 29 = 4*x - 3*u. Suppose 2*t = 2*c - c + 58, 3*c - 123 = -5*t. Let w = 67 - t. Calculate the remainder when w is divided by x.
7
Let i = 11748 - 4742. Calculate the remainder when i is divided by 91.
90
What is the remainder when 4082/6 - 2240/672 is divided by 137?
129
Let r(n) = -1457*n**3 - 2*n**2 - n. Let f be r(-1). What is the remainder when 1 + 5/(-3) + f/24 is divided by 23?
14
What is the remainder when 493 is divided by (16/48 + 2/3)/((-20)/(-1720))?
63
Let n be 5/(25/(-15)) - -2. Suppose 131 = -2*m + 247. What is the remainder when m is divided by n*(-3 - -4 - 11)?
8
Let h be (70/21)/(5/15). Calculate the remainder when 42 is divided by 39/h - 5/(-50).
2
Calculate the remainder when ((-4)/10 - 12948/(-70))/(78/273) is divided by 87.
37
Let r(i) = 2*i**2 + 96*i + 2558. What is the remainder when r(-42) is divided by 137?
136
Let p be (0 + (-177)/(-12))*(9 + -1). Suppose -3*c + b + 58 = -c, 4*c - b = p. Calculate the remainder when c is divided by 17.
13
Suppose -104*h + 199*h + 55764 = 113*h. Calculate the remainder when h is divided by 110.
18
Suppose -5*k = -4*n - 61, 0 = 5*k - 2*n + 9 - 62. Suppose 3*g = -o + 301, -308507*g = -308506*g - o - 79. Calculate the remainder when g is divided by k.
5
Suppose 0 = 5*g + 4*k - 2714, -3*g + 31*k = 29*k - 1646. Calculate the remainder when g is divided by 137.
135
Calculate the remainder when ((-3830085)/42)/(-63) + (-1)/(-2) is divided by 244.
228
Let w(b) = 6*b - 102. Let k be w(20). Suppose k*v - 19*v + 73 = 2*a, 5*a = -5*v + 190. What is the remainder when 117 is divided by a?
12
Suppose 3*g = 4*g - 4*n - 160, 4*g + 3*n = 640. What is the remainder when 485 is divided by g?
5
Suppose 11*z = 19 + 47. Let v(m) = m**2 - 12*m + 4. Let q be v(z). Let x = 7 - q. What is the remainder when 77 is divided by x?
38
Let q = 7422 + -6394. What is the remainder when q is divided by 9?
2
Suppose -3*i + 31*p = 27*p - 598, -1035 = -5*i - p. Calculate the remainder when i is divided by 13.
11
Suppose -2*n = -2*s + 20, -3*n = 27*s - 24*s - 66. What is the remainder when 5678 is divided by s?
14
Let n be (-7)/(28/376) - 8/(-2). Let c = -191 - n. Let m = 112 + c. Calculate the remainder when 32 is divided by m.
10
Let w(h) = h**3 + 7*h**2 - 12*h + 3. Let u be w(-11). Let k = u + 356. Calculate the remainder when 52 is divided by k.
3
Let h be (-35)/15*1*2*-9. Let l(g) = -2*g**3 + 85*g**2 - 41*g - 33. What is the remainder when 141 is divided by l(h)?
6
Let x(h) = 2*h**3 + h**2 + 3*h - 11. Let j be x(3). Suppose 5*a - 170 = -4*b, -4*b + 2*a - j 